+ 0 - 19*i + 1/2*i**2 - 1/6*i**3. Calculate t(1).
-5
Suppose 0*j - 36 = -3*j. Let c(u) be the first derivative of u**4/4 - 11*u**3/3 - 6*u**2 + 12*u + 48207. Calculate c(j).
12
Let w(m) = -4*m + m**2 - 3*m + m + 2 + 0*m. Suppose 135*s + 8 = 137*s. Calculate w(s).
-6
Let q(j) = 3*j**2 - 112*j + 41. Let o(m) = -2*m**2 + 84*m - 197. Let s be o(39). Give q(s).
4
Suppose 0*z = 2*m - 2*z - 4, -4*z = m + 8. Let c(u) = 19*u**2 + 2*u + 299. Let p(a) = 10*a**2 + a + 157. Let n(v) = -11*c(v) + 21*p(v). Determine n(m).
8
Let x(a) be the first derivative of -7*a**2/2 + 208*a + 1436. What is x(29)?
5
Let i(g) = -g**3 - g**2 - g - 1. Let n(c) = -5*c**3 - 14*c**2 - 6*c - 4. Suppose -w - 5*s = 4, 2*s + 28 = 4*w - 0*s. Let d(o) = w*i(o) - n(o). Determine d(8).
-2
Let f(s) = -3*s**3 + 39*s**2 - 49*s + 58. Suppose -8*g - 44 = -4. Let b(r) = -2*r**3 + 26*r**2 - 33*r + 39. Let n(h) = g*f(h) + 7*b(h). What is n(12)?
7
Let z(v) = -v**2 - 17*v + 84. Suppose -3*n + 8*w - 61 = 9*w, -n = w + 19. What is z(n)?
0
Let k = 275 + -205. Let o = 64 - k. Let r(x) = -x**3 - 6*x**2 + 3*x + 2. Give r(o).
-16
Let f(n) = n**3 - 28*n**2 - 59*n - 23. Let i be ((-1805)/(-12))/5 - (3 - (-385)/(-132)). Calculate f(i).
7
Let r(g) be the second derivative of -1/12*g**4 + 4/3*g**3 - 76*g + 0 + 1/2*g**2. What is r(7)?
8
Let s(l) = l - 26. Let k be s(7). Let d be (1 - 2)/(k/(-95)). Let x(y) = y**3 + 7*y**2 + 6*y - 7. Give x(d).
13
Let y(i) = 4*i**2 + 13*i - 9. Let s(f) = f - 1. Let b(k) = 7*s(k) - y(k). Determine b(-4).
-38
Let p(z) be the third derivative of z**5/60 - 11*z**4/24 - 41*z**3/6 - 1838*z**2. Calculate p(12).
-29
Suppose 731*n = 727*n + 12. Let a(f) = 4*f**2 - 2*f - 7. Calculate a(n).
23
Suppose 0 = 5*i + u + 2 + 26, 0 = -4*i + 3*u - 11. Let o(r) = -r**3 - 5*r**2 - 2*r + 2. Determine o(i).
12
Suppose -3*r + 6 = 0, 14*x + r - 47 = 17*x. Let q(i) = -i**3 - 13*i**2 + 35*i + 74. Calculate q(x).
-1
Let u(o) = -2*o**3 + 2*o**2 + o + 1. Let l = 3 - 2. Let g(j) = j**2 - 29*j + 172. Let t be g(20). Let f be (t - l)/(-3) + (0 - 1). What is u(f)?
-5
Let r(m) = -m**3 - 7*m**2 - 5*m - 1. Let s = 189 - 167. Suppose 4*b + x + s = 0, -b + 4*x - 14 = -0*b. What is r(b)?
-7
Suppose 0 = 4*q - 4*i + 72, 172*q - 5*i - 102 = 175*q. Let n(m) = 3*m**2 + 73*m + 11. Give n(q).
-13
Let l(n) be the first derivative of 0*n**3 + 0*n - 1/24*n**4 - 16 - 11/2*n**2. Let p(o) be the second derivative of l(o). Give p(-1).
1
Let h(a) = -8*a**3 + 35*a**2 + 85*a - 82. Let r(p) = -13*p**3 + 65*p**2 + 127*p - 123. Let g(y) = -8*h(y) + 5*r(y). Give g(44).
-3
Let p be (6/18)/(2/6). Let h be ((-7)/3 + p)/((-276)/2070). Let t(l) = l - 9. Give t(h).
1
Let h(l) = -3*l - 39. Suppose 0 = 3*v + o + 336, 147 = -2*v - 2*o - 81. Let u = v - -99. Let b be h(u). Let r(j) = j**2 + 5*j + 2. Give r(b).
-4
Let g(k) be the second derivative of -1/3*k**3 - 323*k + 0 + 5*k**2. What is g(7)?
-4
Let g(w) = 18*w - 124. Let u be g(7). Suppose -6*k + u*t = -3*k + 8, 3*k + 3*t = -3. Let d(h) = 20*h. Calculate d(k).
-40
Let f be (1 - (-8 - -3))/(-1 - -2). Let b(j) = -18*j**2 + 5*j - 3 + f*j**2 + 10*j**2. Give b(3).
-6
Let d(v) = 4*v - 7. Suppose 2*l - 5*x - 36 = 0, -559 = l - 4*x - 580. What is d(l)?
45
Let y(f) be the second derivative of -17*f**3/3 + 66*f**2 - 2988*f. Calculate y(4).
-4
Let w(l) = l**3 + 10*l**2 + 21*l + 43. Let g be 3/((-4 - (-325)/80)*-6). What is w(g)?
3
Suppose -2*b + 15*o - 135 = -10, -4*b - 33 = o. Let v(u) = -u**3 - u - 4 - 9*u**2 + 10*u - 6 + 3. What is v(b)?
3
Let t(s) = -3*s**2 + s + 1. Let j(p) = 7*p**2 - 6*p + 1. Let y(f) = -2*j(f) - 5*t(f). Give y(-11).
37
Let y(z) be the first derivative of -z**4/4 - z**3/3 - 3*z**2/2 - 25*z - 609. Determine y(0).
-25
Let u be 2/(-1)*(((-36)/(-8) - 2) + -2). Let l(s) = -32*s + 2. Determine l(u).
34
Let z(b) = -12*b - 13. Let t(w) be the first derivative of -25*w**2/2 - 23*w - 67. Let v(l) = 4*t(l) - 7*z(l). Give v(-2).
31
Let f(q) = -12*q + 325. Suppose -3*v + 12 = -w - 74, 3*w = 5*v - 150. Give f(v).
1
Let g(k) = -16*k**3 + 31*k**2 + 11*k - 5. Let s(f) = -3*f**3 + 6*f**2 + 2*f - 1. Let d(b) = -2*g(b) + 11*s(b). Let r = -2568 - -2570. Give d(r).
7
Let r be 18/6 + -4 - 8*-1. Let g(o) = 52*o**3 - 14*o**2 - o + 12. Let h(p) = 21*p**3 - 7*p**2 - p + 6. Let x(u) = -2*g(u) + 5*h(u). Determine x(r).
-15
Let j(d) be the first derivative of -3*d**2 - 62*d + 773. What is j(-9)?
-8
Let q(p) = -70*p + 422. Let h be q(6). Let c(v) = 501*v**2 - 999*v**2 + 3*v + 496*v**h + 6. Calculate c(4).
-14
Suppose 12 = -4*d, -m - 17 = 7*d - 3*d. Let i(a) = -2*a**3 - 9*a**2 + 9*a + 9. What is i(m)?
-11
Let x(d) = 122 - 125 + 69 + 4*d + 38. Calculate x(0).
104
Let q(m) = 4*m**2 - 11 - 3*m + 7 + 613*m**3 - 616*m**3 + 3. Determine q(3).
-55
Let s(f) = -29 - 32*f**3 + 7*f**3 + 5*f**2 + 7*f**3 + 11*f + 17*f**3. Suppose 7 + 17 = 4*l. Let w be s(l). Let g(u) = -10*u. What is g(w)?
-10
Let d(l) = -l**3 - 7*l**2 - 8*l + 1. Let g be 2052/25 - 24/300. Let b = g - 88. Give d(b).
13
Let k(i) = -i**2 + 24*i - 86. Suppose -7*o - 80 = -220. Let m be k(o). Let s(p) = -p**3 + 8 - 2*p**2 - 4*p**2 + 0*p**2. Give s(m).
8
Let n(z) = -z**2 - 6*z + 3. Let c(m) = m**3 - 23*m**2 + 3*m + 13. Let j be c(24). Let q = j - 669. Determine n(q).
-13
Let y = -345 - -361. Let t = 34 + -31. Suppose t*p - p = 4*c + y, c + 4*p = 14. Let s(w) = 2*w - 1. Calculate s(c).
-5
Let f be 2 + 60/40 + (-31)/(-2). Let x(n) = 18*n**2 + f*n**2 - 36*n**2 - 13 - 14*n. Calculate x(15).
2
Let p(n) = 10*n**2 + 2*n + 1. Let v = 6 + 2. Let r be 2/8 - (-30)/v. Suppose -2*d + 9 = -5*a, d - 2 = -r*a - 2*d. Give p(a).
9
Let o(i) = 2*i**2 + i - 3. Let q(d) = -2*d**2 + 32*d - 35. Let p(s) = -2*o(s) - q(s). Give p(-18).
5
Let d be (-24)/6 + (-2 - -7). Let w be (-2)/4*d + 189/42. Let u(s) = -3*s + 6. Give u(w).
-6
Suppose -3*u = -2*x + 15, -5*x - u = 16 - 11. Let t(o) be the third derivative of -1/4*o**4 + x - 2/3*o**3 + 7*o**2 + 1/60*o**5 + 0*o. Determine t(6).
-4
Let i be 0/((-44)/4 - -16). Let g(b) be the third derivative of b**6/120 + b**4/24 + 2*b**3 - 2*b**2. Determine g(i).
12
Suppose -4*u + a = 6, -5*u - 120 + 111 = -2*a. Let t(x) = 18*x + 2. Determine t(u).
-16
Let j(a) = -a**2 - 8*a. Suppose 337 - 45 = -292*c. Calculate j(c).
7
Let w(t) be the second derivative of t**4/12 + 11*t**3/6 - 8*t**2 + 234*t - 1. Let p be (-4 - 0 - (5 + -1)) + -4. Calculate w(p).
-4
Let x = 68 + -8. Suppose 4*u - x = h - 0*h, 3*u - 30 = -3*h. Let q be ((-21)/(-14))/((-3)/u). Let s(k) = -k**3 - 8*k**2 - 7*k + 4. Calculate s(q).
4
Let w be (4/(-7))/((10/(-5))/(-3 + 17)). Let y(m) = 2*m**2 - 8*m + 10. Determine y(w).
10
Let r(o) = -2*o**3 - 4*o**2. Let y(g) = -2*g**3 - 43*g**2 + 16*g + 11. Let h be y(-22). Let z = 144 - h. Let a be z - 1 - (-33)/(-11). What is r(a)?
18
Let w(j) be the first derivative of j**2 + 15*j - 64517. Suppose -34 = 5*o + t, 2*t = -o - o - 20. Give w(o).
3
Let v(o) = -o**2 - 5*o - 3. Let b be v(-3). Let x(i) = 9*i + 2. Let s(m) = 20*m + 3. Suppose 0 = -a + 47 - 52. Let f(y) = a*x(y) + 2*s(y). Determine f(b).
-19
Let r(y) be the first derivative of -y**3/3 + 11*y**2/2 + 90*y + 3713. Calculate r(16).
10
Let a = 19/50 - -3/25. Let j(l) be the first derivative of -2*l + 14 - a*l**2. Calculate j(-6).
4
Suppose -110 = -5*x - 18*c + 19*c, -5*c = -4*x + 67. Let z(d) = 26*d + x*d + 5 - 50*d + 6. Suppose -3*o = 3*a + 6, 0*a + 2*a = 3*o - 4. Determine z(o).
11
Let w(r) = r**2 + 3*r + 2. Let g be (-4)/(28/51) + (-8)/(-28). Let s be g - 2/2*-5 - 2. Determine w(s).
6
Suppose 45*w - 1722 = 13*w - 542*w. Let k(y) be the second derivative of -7*y**3/6 + 2*y**2 - y. Determine k(w).
-17
Suppose -2*w - 6 = -2*y, 4*w + 13 = 4*y - w. Let k(m) = 7842 - 3*m**2 - 7837 + 2*m**y + 6*m. Give k(7).
-2
Let j = -101 - -119. Let r(b) = 5*b - 8 - 12 + j + b**2. What is r(-4)?
-6
Let s be (70/140)/((-2)/(-188)). Suppose 0*h = 6*v + h - s, 0 = 3*v - 3*h - 6. Let o(k) = k**2 - 5*k + 6. What is o(v)?
20
Let a(z) be the second derivative of 0 - 5/6*z**3 - 11*z - 1/2*z**2 - 1/12*z**4. Give a(-6).
-7
Let w be 3 - (5 - 5) - -14. Suppose d + 4*i = w, -2*i + 12 = i. Let b(g) = -5*g**3 - g**2 + g - 1. Determine b(d).
-6
Let p(n) be the second derivative of 6*n + 0*n**2 + 1/6*n**3 + 19/12*n**4 + 0. Let h(r) = 4*r**2 + 206*r - 105. Let g be h(-52). Calculate p(g).
18
Let q be -7 - (2 + -11 + -1). Let k(t) = -1